rime?
True
Is 145 prime?
False
Is 56495 a prime number?
False
Is 8147 composite?
False
Is 3247 a composite number?
True
Is 29499 a prime number?
False
Is 4258 prime?
False
Is 140111 prime?
True
Is 47737 a composite number?
False
Is 2551 a prime number?
True
Is 11027 prime?
True
Is 11159 composite?
False
Is 59693 composite?
False
Is 178489 a prime number?
True
Is 13553 prime?
True
Is 424943 prime?
False
Is 340169 a composite number?
False
Is 104147 prime?
True
Is 83831 a prime number?
False
Is 1997027 composite?
True
Is 7393 a prime number?
True
Is 27179 a prime number?
True
Is 69919 prime?
False
Is 354067 a prime number?
False
Is 53299 a prime number?
True
Is 92951 composite?
False
Is 260439 composite?
True
Is 385603 prime?
False
Is 14797 composite?
False
Is 39503 a composite number?
False
Is 61001 prime?
True
Is 107629 a prime number?
False
Is 28201 prime?
True
Is 9661 a composite number?
False
Is 43895 prime?
False
Is 2722 prime?
False
Is 40693 a prime number?
True
Is 180589 prime?
False
Is 1943 a prime number?
False
Is 444791 a prime number?
True
Is 15511 composite?
False
Is 160141 a prime number?
True
Is 27994 a prime number?
False
Is 922814 prime?
False
Is 10901 a composite number?
True
Is 14899 a prime number?
False
Is 1412087 composite?
False
Is 113401 composite?
True
Is 171987 a composite number?
True
Is 17729 prime?
True
Is 25199 a composite number?
True
Is 18869 composite?
False
Is 766793 prime?
True
Is 3299 composite?
False
Is 81647 a composite number?
False
Is 23399 a prime number?
True
Is 14507 prime?
False
Is 505093 prime?
False
Is 147491 prime?
False
Is 31793 composite?
False
Is 4031 composite?
True
Is 149449 a prime number?
False
Is 17033 a prime number?
True
Is 713809 a prime number?
False
Is 218533 a prime number?
False
Is 11057 prime?
True
Is 828169 prime?
True
Is 357017 prime?
False
Is 60037 a composite number?
False
Is 379322 composite?
True
Is 112487 prime?
False
Is 289061 composite?
True
Is 4327 a prime number?
True
Is 4177 composite?
False
Is 21431 a prime number?
False
Is 10663 composite?
False
Is 2102159 prime?
False
Is 39041 a prime number?
True
Is 3576278 a prime number?
False
Is 6197 composite?
False
Is 105457 a prime number?
False
Is 5471 composite?
False
Is 133139 prime?
False
Is 42203 a prime number?
False
Is 16087 prime?
True
Is 93103 prime?
True
Is 892571 a composite number?
True
Is 167831 composite?
True
Is 160001 a composite number?
False
Is 248263 a prime number?
False
Is 254117 prime?
False
Is 593 prime?
True
Is 3967 a prime number?
True
Is 24397 a prime number?
False
Is 27053 a prime number?
False
Is 102385 a prime number?
False
Is 802811 composite?
False
Is 19037 a prime number?
True
Is 14159 prime?
True
Is 1406033 a composite number?
False
Is 76079 prime?
True
Is 15167 prime?
False
Is 59197 a prime number?
True
Is 23957 a composite number?
False
Is 52031 prime?
False
Is 4253 composite?
False
Is 86117 a composite number?
False
Is 8819 composite?
False
Is 287291 composite?
False
Is 153319 composite?
False
Is 841 a composite number?
True
Is 3192571 a composite number?
False
Is 4891 composite?
True
Is 5147 prime?
True
Is 974341 prime?
False
Is 30869 prime?
True
Is 503267 a prime number?
True
Is 2063107 composite?
False
Is 217111 a composite number?
False
Is 12979 a prime number?
True
Is 18593 composite?
False
Is 7187 prime?
True
Is 71653 a composite number?
True
Is 128717 composite?
False
Is 37451 prime?
False
Is 377891 a composite number?
True
Is 6709631 a composite number?
False
Is 2797 a composite number?
False
Is 1275818 a composite number?
True
Is 1151 prime?
True
Is 81919 a prime number?
True
Is 17851 a prime number?
True
Is 47191 prime?
False
Is 27539 prime?
True
Is 170923 composite?
True
Is 557 a prime number?
True
Is 358811 a prime number?
True
Is 32537 composite?
False
Is 37747 prime?
True
Is 10249 a composite number?
True
Is 10279 composite?
True
Is 36629 a composite number?
False
Is 18529 a prime number?
False
Is 17521 prime?
False
Is 33977 a composite number?
True
Is 103903 a composite number?
False
Is 19315 composite?
True
Is 298817 composite?
False
Is 48731 a prime number?
True
Is 105727 composite?
False
Is 27539 a prime number?
True
Is 61519 a composite number?
False
Is 86861 prime?
True
Is 210157 prime?
True
Is 265789 a prime number?
False
Is 1381819 a prime number?
True
Is 254414 a composite number?
True
Is 591023 prime?
True
Is 61141 a prime number?
True
Is 173887 composite?
True
Is 225023 prime?
True
Is 402589 a composite number?
True
Is 3659 a composite number?
False
Is 94027 prime?
False
Is 7279 composite?
True
Is 83023 prime?
True
Is 174809 a prime number?
False
Is 2053 composite?
False
Is 1657 a prime number?
True
Is 16741 a composite number?
False
Is 1091499 a composite number?
True
Is 608187 a prime number?
False
Is 11797 a composite number?
True
Is 84374 composite?
True
Is 351877 a composite number?
True
Is 5953 a composite number?
False
Is 248473 a composite number?
False
Is 743251 prime?
True
Is 211213 prime?
True
Is 990449 a composite number?
True
Is 37781 a composite number?
False
Is 64709 prime?
True
Is 119365 a composite number?
True
Is 907 a prime number?
True
Is 20857 composite?
False
Is 6823 composite?
False
Is 211 prime?
True
Is 17717 prime?
False
Is 94378 composite?
True
Is 319309 composite?
True
Is 4399 composite?
True
Is 640727 a prime number?
True
Is 10799 a composite number?
False
Is 107861 composite?
True
Is 270671 a composite number?
True
Is 434347 composite?
False
Is 4091 a prime number?
True
Is 4411 composite?
True
Is 1589 prime?
False
Is 47453 composite?
True
Is 75791 a composite number?
True
Is 73009 composite?
False
Is 1041 a composite number?
True
Is 101731 prime?
False
Is 518651 a prime number?
False
Is 14939 a prime number?
True
Is 15613 composite?
True
Is 187851 a prime number?
False
Is 104507 a prime number?
False
Is 17251 prime?
False
Is 115633 a composite number?
True
Is 10921 composite?
True
Is 64679 a prime number?
True
Is 319 composite?
True
Is 887069 prime?
True
Is 21683 prime?
True
Is 542369 prime?
False
Is 182617 a composite number?
False
Is 6757 composite?
True
Is 5141 a composite number?
True
Is 262221 composite?
True
Is 4535 composite?
True
Is 25019 a composite number?
True
Is 16817 composite?
True
Is 68729 composite?
False
Is 11027 prime?
True
Is 734 composite?
True
Is 492511 a prime number?
True
Is 152651 composite?
True
Is 21541 a composite number?
True
Is 21647 a prime number?
True
Is 4385 a composite number?
True
Is 98249 composite?
True
Is 210209 prime?
True
Is 10243 a prime number?
True
Is 42277 a composite number?
True
Is 375043 composite?
False
Is 69353 prime?
False
Is 634441 composite?
False
Is 22541 a composite number?
False
Is 482971 composite?
False
Is 2088103 a prime number?
True
Is 11821 prime?
True
Is 58997 a composite number?
False
Is 661165 prime?
False
Is 229226 a composite number?
True
Is 127039 a prime number?
False
Is 1147 prime?
False
Is 14453 a composite number?
True
Is 21647 a prime number?
True
Is 488891 a composite number?
True
Is 983261 a composite number?
False
Is 247 prime?
False
Is 446753 a prime number?
True
Is 4279 a composite number?
True
Is 202327 a prime number?
True
Is 176887 prime?
True
Is 30679 prime?
False
Is 758651 prime?
False
Is 228163 a prime number?
False
Is 110089 prime?
False
Is 8051 a composite number?
True
Is 50021 a prime number?
True
Is 47339 a prime number?
True
Is 125921 a prime number?
True
Is 90385 prime?
False
Is 48529 a composite number?
True
Is 23501 a composite number?
True
Is 404539 a composite number?
False
Is 8779 a prime number?
True
Is 17521 a prime number?
False
Is 2190521 a composite number?
False
Is 162121 prime?
False
Is 680059 a composite number?
False
Is 157 prime?
True
Is 209273 composite?
True
Is 889579 a prime number?
True
Is 53341 prime?
False
Is 720677 composite?
False
Is 46981 a composite number?
True
Is 31379 composite?
False
Is 36373 a prime number?
True
Is 726823 prime?
False
Is 14594 a composite number?
True
Is 733591 composite?
False
Is 253049 a prime number?
True
Is 78817 prime?
False
Is 346879 a prime number?
False
Is 222511 prime?
True
Is 194893 prime?
False
Is 437 a prime number?
False
Is 243365 composite?
True
Is 1588117 prime?
True
Is 144107 a composite